t q = -320 + b. Let z be ((-40)/(-6))/(2/6). What is the highest common factor of q and z?
10
Suppose 0 = 4*g - 140 + 116, -3*g + 1608 = 5*m. Calculate the greatest common divisor of 795 and m.
159
Suppose -1210 = -17*i + 7*i. Suppose 109*d - i*d = -108. What is the greatest common divisor of 441 and d?
9
Suppose v + 350 = 6*v. Let g = -72 + 179. Suppose -4*i - 5*n = -g, n + 113 = -8*i + 12*i. Calculate the greatest common factor of i and v.
14
Let n(c) = 171*c - 55. Let z be n(11). Let v be z/10 - (0 - (-2)/(-5)). What is the greatest common divisor of 61 and v?
61
Let h(j) = -j**2 - 4*j + 7. Let q be h(-5). Suppose 21 = q*z - 33. Suppose -143*t - 18008 = -52757. Calculate the greatest common factor of t and z.
27
Let s(u) = -5*u**3 + 9*u**2 + 29*u + 12. Let k be s(-3). Calculate the highest common factor of k and 12267.
141
Let a = 3610 - 3505. What is the greatest common divisor of 63 and a?
21
Suppose 22*l + 15 = 25*l. Suppose 0 = l*v, n + 12*v - 34 = 7*v. Calculate the greatest common divisor of n and 374.
34
Suppose -921 - 1481 = 5*g - 4*a, -1436 = 3*g - 5*a. Let o = g - -494. What is the greatest common divisor of 876 and o?
12
Let a be -6*(-8 + 30/4). Let q = 35 - a. Suppose -2*l + 261 = 5*m, 4*m - 322 - 322 = -5*l. What is the highest common divisor of l and q?
32
Suppose -13*c + 2037 = -433. Calculate the greatest common divisor of 3382 and c.
38
Let k = -5491 - -5639. Calculate the highest common factor of 1702 and k.
74
Let x(q) = 7*q**2 - 7*q + 88. Let z be x(11). Let u(o) = 18*o**3 + 2*o**2 - o + 6. Let t be u(2). Calculate the highest common divisor of t and z.
78
Suppose 42*x - 46*x - 2*l + 3252 = 0, 4*x - 3288 = 4*l. Calculate the highest common divisor of 6 and x.
6
Suppose -96*u + 12559 + 650622 = 81517. Calculate the greatest common factor of 83 and u.
83
Let z(q) = 6*q**2 + q + 2. Let v be z(5). Let j = -117 + v. Let d = 17 + -12. What is the highest common divisor of d and j?
5
Let n = -1035 + 1183. What is the greatest common factor of n and 37?
37
Suppose 2*g = 84*z - 80*z + 150, -5*z + 20 = 0. Calculate the greatest common factor of 8715 and g.
83
Suppose 5*b + 82 = -2*u + 751, -3*u - 144 = -b. Let g = -213 + b. Let x = -60 - g. What is the greatest common divisor of 90 and x?
18
Let z(p) = p**2 + 5*p - 22. Let q be z(-8). Let i be 5/2 - 1/q. Let j(w) = 5*w - 6. Let u be j(i). Calculate the greatest common factor of 44 and u.
4
Let z be ((-123)/(-15) - 0)*(0 - -15). What is the greatest common factor of 21 and z?
3
Let i be (-1242)/((-11)/(-77)*-7). What is the greatest common factor of i and 1518?
138
Let v(k) = k**3 - 13*k**2 + 38*k + 48. Let s be v(8). Calculate the highest common divisor of s and 14128.
16
Let l be (-61 - -1)*(-28)/42. Let q be ((-23)/4)/(l/(-160)). What is the greatest common factor of q and 46?
23
Let f = 4 + -2. Suppose -f*w - 3*w + 130 = 0. Suppose -25*z - 68 = -393. Calculate the highest common factor of w and z.
13
Let a be (-129)/(2*18/(-12)). Let j be -5 + (1008/(-3))/(-7). Calculate the greatest common factor of j and a.
43
Let g = 41578 - 41500. Let l(m) = 3*m - 6. Let i be l(6). What is the highest common factor of i and g?
6
Suppose -5*b = -5*r - 2190, r + 212 + 214 = 4*b. Let u = -346 - r. Calculate the highest common factor of 256 and u.
32
Let o(a) be the first derivative of -a**3/3 + 13*a**2/2 + 11*a + 51. Let h be o(13). What is the highest common divisor of 22 and h?
11
Suppose 2*x + 2*n - 1326 = -n, 4*n = 16. Let k = -160573 - -160582. Calculate the greatest common divisor of k and x.
9
Let b(f) = 3*f**2 - 152*f + 418. Let s be b(57). What is the greatest common divisor of s and 79?
79
Let b be (-2)/(2/9*-3). Let w(f) = 14*f - 11. Let y = 65 - 64. Let k be w(y). Calculate the greatest common divisor of b and k.
3
Let u be 12/20 + (-14)/(-10) + 1. Suppose -3*o - 26 = -2*o + u*m, -3*o - 118 = m. Let s = o - -69. Calculate the highest common factor of s and 4.
4
Suppose -377 = -16*j - 89. Let d be 40/180 - (-1076)/j. What is the greatest common factor of 108 and d?
12
Suppose -13*l + 15*l = -4, -4*l - 3000 = -4*p. Calculate the highest common divisor of p and 85.
17
Suppose 8*h - x = 12*h - 7082, x - 5311 = -3*h. What is the highest common factor of h and 322?
161
Suppose -a + 5*a + 148 = 3*y, 4*a - 160 = -4*y. Suppose 2*k - 3824*h - 399 = -3821*h, 4*k - 795 = 3*h. What is the highest common factor of k and y?
22
Let v(k) = 20*k**2 + 7*k + 8. Let s be v(6). Calculate the greatest common divisor of 1870 and s.
110
Let w = -1848 - -2080. What is the highest common factor of w and 261?
29
Let w = -101 - -119. Let m = 675 + -387. Calculate the highest common factor of m and w.
18
Let m = -1798 - -1216. Let g = m - -599. Calculate the highest common divisor of 323 and g.
17
Let a(x) = 3*x + 30. Suppose 0 = -b - 3*b - 36. Let z be a(b). Suppose -z*j + 30 = -2*j. What is the greatest common factor of j and 20?
10
Suppose -24*u + 375 = -27*u. Let q = 433 + u. What is the highest common factor of 77 and q?
77
Let n = -9 - -14. Suppose n*g - 84 = 2*g. Let q = 44 - g. Calculate the greatest common divisor of 48 and q.
16
Let h = -21 - -29. Let n be 6 - (-2 + 5 + 3 + -1). What is the highest common factor of h and n?
1
Let i be ((-261)/(-6))/1*(43 + -41). Calculate the highest common factor of 3480 and i.
87
Let o(t) = 2*t**2 - 39*t + 122. Let g be o(0). What is the highest common factor of 11041 and g?
61
Suppose 4*h + 406 = 4*y + 1554, 4*y + 4 = 0. Calculate the highest common factor of h and 418.
22
Let b(w) = 2*w**3 + 96*w**2 - 3*w - 44. Let c be b(-48). Let a(i) = i - 7. Let g be a(9). Suppose -g*v + 120 = v. What is the greatest common factor of v and c?
20
Let p = -175 - -178. Suppose -54 = -5*r + v, -14 - 4 = -p*r - 3*v. What is the greatest common divisor of r and 35?
5
Let n(a) = -5*a + 63. Suppose 45*x - 43*x = 20. Let z be n(x). Calculate the greatest common divisor of z and 52.
13
Let p(b) = 475*b - 284. Let y be p(2). Calculate the greatest common factor of y and 45.
9
Suppose v - 31 = -o - 26, -3*o + 2*v = -5. Let x = -7 + 0. Let w be 7 + o + 1 + x. Calculate the highest common divisor of 12 and w.
4
Suppose 0 = 3*k - 5*c + 25, -5*k - 4*c - 20 = -8*c. Suppose 2*t + 3*x - 66 = k, 3*x + x - 140 = -4*t. Calculate the greatest common divisor of 3 and t.
3
Let m(c) = 35*c**3 - 6*c**2 - 7*c - 3. Let d be m(7). Calculate the highest common factor of 89 and d.
89
Suppose 9*b - 19*b + 1909 = -4171. Calculate the highest common factor of 836 and b.
76
Let c be (-334)/(-6)*(2 + 1). Suppose 3*a + m - 127 = 0, m + c = -4*a + 8*a. Suppose 8*i - 78 = a. What is the greatest common factor of 60 and i?
15
Let k be 21/(-28) - ((-5055)/12)/(-5). Let p = k + 101. Let o be (510/(-40))/((-6)/p). What is the greatest common divisor of 34 and o?
34
Let u(b) be the second derivative of b**3/3 + 21*b**2/2 + 34*b. Let d be u(-6). Calculate the greatest common factor of d and 27.
9
Suppose -11423 = -266*v + 8472 + 33305. What is the highest common factor of 2100 and v?
100
Suppose -8*f + 49550 = 49478. What is the highest common factor of f and 282?
3
Let x(j) = -6984*j - 63. Let v be x(4). Let y be 2*1/(-9) - v/243. What is the greatest common factor of 46 and y?
23
Let g(h) = 24*h**2 + 290*h + 74. Let v be g(-12). What is the highest common factor of v and 1130?
10
Suppose -5*x + 17*d + 4243 = 13*d, -2*d + 1708 = 2*x. What is the highest common factor of 37 and x?
37
Let y be (-5 - (-23968)/63) + (-12)/27. What is the highest common divisor of y and 2000?
125
Let t be 99/(-36) - (-66140)/16. What is the highest common divisor of 243 and t?
243
Let n(p) = -5*p**2 + 17*p - 41. Let q(i) = -6*i**2 + 17*i - 43. Let k(o) = -5*n(o) + 4*q(o). Let l be k(16). What is the greatest common factor of 51 and l?
17
Let q(t) = 14*t**3 - 17*t**2 + 34*t - 10. Let v be q(4). What is the greatest common divisor of 200 and v?
50
Suppose -4*y - 26 + 18 = 0. Let g(d) = -11*d - 2*d - 2 - 1 - 8. Let t be g(y). Calculate the highest common divisor of t and 45.
15
Let x(v) be the first derivative of -v**4/4 + 25*v**3/3 + 33*v**2/2 - 65*v + 102. Let i be x(26). Calculate the greatest common factor of i and 156.
39
Suppose -23760 - 67587 = -454*w + 1269. What is the greatest common divisor of w and 5644?
68
Let p(z) = 2*z**2 + 6